and 30.
30
Calculate the highest common divisor of 100585 and 180.
5
Calculate the highest common divisor of 5272 and 376.
8
Calculate the greatest common divisor of 135 and 1058760.
45
What is the greatest common divisor of 200 and 648900?
100
What is the highest common divisor of 774865 and 5240?
655
Calculate the greatest common divisor of 10897 and 289.
17
Calculate the highest common factor of 45 and 18890.
5
Calculate the highest common divisor of 14689 and 1036.
37
Calculate the greatest common factor of 260 and 119780.
20
Calculate the highest common divisor of 12192 and 384.
96
Calculate the highest common divisor of 88590 and 6.
6
Calculate the greatest common divisor of 16720 and 2083920.
1520
What is the highest common factor of 63 and 2016?
63
What is the highest common factor of 1596 and 2257143?
399
Calculate the greatest common factor of 202 and 3649130.
202
What is the greatest common divisor of 30287 and 124?
31
What is the greatest common factor of 2387 and 99?
11
What is the greatest common factor of 127944 and 216?
72
What is the greatest common divisor of 211590 and 102?
6
What is the greatest common divisor of 108 and 401409?
27
Calculate the highest common factor of 52 and 45422.
26
Calculate the greatest common factor of 896218 and 391.
23
Calculate the greatest common factor of 31570 and 46904.
902
Calculate the greatest common divisor of 198939 and 39.
39
What is the highest common factor of 231 and 52542?
21
Calculate the highest common factor of 2659951 and 7.
7
Calculate the greatest common factor of 16006 and 3624.
302
Calculate the highest common divisor of 31742 and 2959.
269
Calculate the highest common factor of 2 and 23633.
1
What is the highest common divisor of 10 and 313800?
10
Calculate the greatest common factor of 216 and 3932604.
108
Calculate the greatest common divisor of 2828 and 1717.
101
What is the greatest common divisor of 852 and 133572?
12
What is the greatest common divisor of 38 and 960450?
38
Calculate the greatest common factor of 21108 and 2400.
12
What is the highest common factor of 36 and 1324?
4
Calculate the greatest common factor of 50039 and 209.
11
What is the highest common factor of 1782 and 2167?
11
What is the greatest common factor of 3195368 and 363?
121
What is the highest common divisor of 84228 and 12?
12
What is the greatest common divisor of 1767 and 403?
31
What is the greatest common divisor of 144 and 249984?
144
What is the greatest common divisor of 198924 and 107448?
1452
What is the greatest common divisor of 46272 and 482?
482
What is the greatest common divisor of 1407 and 3276?
21
What is the greatest common divisor of 10195 and 2060?
5
What is the highest common factor of 7094841 and 39?
39
What is the highest common factor of 21 and 1849449?
21
Calculate the highest common factor of 38997 and 252.
63
Calculate the highest common divisor of 1030445 and 2158.
1079
Calculate the highest common divisor of 2672 and 5678.
334
What is the highest common factor of 15 and 1257033?
3
Calculate the highest common factor of 282 and 272882.
94
What is the highest common divisor of 8576 and 2412?
268
What is the highest common factor of 16 and 337552?
16
What is the highest common divisor of 440834 and 4994?
454
What is the highest common divisor of 97968 and 104?
104
What is the highest common divisor of 3 and 48632?
1
Calculate the highest common divisor of 86382 and 36.
18
Calculate the highest common factor of 47362 and 14.
14
What is the greatest common factor of 623 and 7602?
7
Calculate the highest common divisor of 605086 and 2522.
194
What is the highest common factor of 969 and 68229?
57
Calculate the greatest common factor of 23707 and 2669.
157
What is the greatest common factor of 109458 and 24?
6
What is the greatest common divisor of 682958 and 17?
17
Calculate the highest common divisor of 189 and 20115.
27
Calculate the greatest common factor of 4048 and 45287.
253
Calculate the highest common factor of 250651 and 188.
47
What is the greatest common factor of 19 and 60971?
19
What is the highest common divisor of 1221 and 4785?
33
Calculate the highest common factor of 88549 and 219.
73
Calculate the highest common factor of 222352 and 208.
208
What is the highest common factor of 3230732 and 916?
916
Calculate the greatest common divisor of 293305 and 5.
5
What is the greatest common divisor of 1860 and 30411?
93
Calculate the highest common factor of 1485 and 38390.
55
What is the highest common divisor of 291996 and 324?
36
Calculate the highest common divisor of 10297096 and 536.
536
Calculate the greatest common divisor of 300 and 91725.
75
What is the greatest common divisor of 1941 and 6090858?
1941
What is the highest common divisor of 8197 and 91?
7
What is the highest common divisor of 218 and 4792621?
109
What is the highest common factor of 4706658 and 10890?
2178
Calculate the highest common factor of 8 and 1826984.
8
What is the greatest common factor of 5803 and 453463?
829
Calculate the greatest common factor of 206078 and 19744.
1234
Calculate the highest common factor of 7294 and 2128.
14
What is the greatest common divisor of 112 and 5505304?
56
What is the greatest common divisor of 4262691 and 177?
177
Calculate the greatest common divisor of 6340 and 7340.
20
Calculate the highest common factor of 48 and 163568.
16
Calculate the greatest common factor of 78876 and 357.
21
Calculate the greatest common factor of 205932 and 8646.
786
Calculate the highest common divisor of 1182 and 354009.
591
Calculate the highest common divisor of 41097 and 931.
133
Calculate the highest common factor of 341054 and 476.
238
Calculate the highest common factor of 732516 and 108.
12
What is the highest common divisor of 1633 and 38411?
71
What is the greatest common divisor of 86855 and 13777?
599
What is the highest common factor of 282 and 498?
6
What is the highest common factor of 1494 and 57104?
166
What is the greatest common divisor of 228856 and 64?
8
What is the greatest common divisor of 11 and 144177?
11
What is the highest common divisor of 2280 and 4800?
120
What is the greatest common divisor of 158 and 1264?
158
Calculate the greatest common divisor of 748 and 1098372.
44
What is the highest common factor of 132285 and 15?
15
Calculate the greatest common factor of 1756 and 216427.
439
What is the highest common factor of 262503 and 9?
9
What is the greatest common factor of 2723 and 2947?
7
What is the greatest common divisor of 1362 and 822?
6
Calculate the greatest common divisor of 136021 and 2413.
19
What is the greatest common factor of 1016106 and 4914?
546
Calculate the highest common factor of 48510 and 88605.
495
Calculate the highest common divisor of 11487 and 4137.
21
Calculate the highest common factor of 3375 and 188190.
135
Calculate the highest common divisor of 261 and 112896.
9
What is the greatest common factor of 442372 and 476?
28
What is the highest common factor of 72 and 2925192?
24
Calculate the greatest common factor of 1368 and 148086.
342
What is the greatest common factor of 252 and 484?
4
Calculate the greatest common factor of 62918 and 33968.
386
What is the greatest common divisor of 960738 and 102?
102
What is the highest common factor of 2754 and 1907604?
918
Calculate the greatest common factor of 20083 and 1216.
19
What is the greatest common factor of 9667 and 35?
7
What is the highest common divisor of 114 and 36366?
114
Calculate the highest common divisor of 103 and 117729.
103
What is the greatest common divisor of 6413 and 3267?
121
What is the highest common factor of 15 and 154265?
5
Calculate the highest common factor of 592 and 48.
16
Calculate the highest common factor of 87276 and 420.
84
What is the greatest common factor of 257 and 306601?
257
What is the greatest common divisor of 786 and 750?
6
Calculate the highest common factor of 602690 and 11.
11
What is the highest common factor of 4589 and 546?
13
What is the greatest common divisor of 725 and 440075?
725
Calculate the highest common divisor of 226 and 16046.
226
What is the greatest common factor of 304 and 521512?
152
What is the greatest common divisor of 6968 and 336?
8
Calculate the greatest common factor of 189371 a